Let n = -7164 + 7437. Calculate the remainder when n is divided by 40.
33
Suppose 56*t - 4 = 54*t. Suppose -t = 6*k - 32. Suppose 2*i + 6 = k*i. Calculate the remainder when i is divided by 2.
0
Let o = -624 - -640. Calculate the remainder when 1/6*-6 - -4*o is divided by 46.
17
Let p = 18486 - 18024. Calculate the remainder when p is divided by 150.
12
Suppose 1159*j - 1201*j + 1974 = 0. What is the remainder when 377 is divided by j?
1
Suppose 5*x + 5*m = 85, 0 = -3659*x + 3657*x + m + 49. Let c be (-1 - -15)*(2 - 19). Let r = -108 - c. What is the remainder when r is divided by x?
20
Let j = 304197 + -304159. What is the remainder when 0/2 - 74*-1 is divided by j?
36
Let o = -1964 - -1978. Suppose 4*d = 8 - 28. Calculate the remainder when 0/(2 + d) - -39 is divided by o.
11
Calculate the remainder when (-58)/812 + 28785/14 is divided by 71.
68
Let a = 261 - 229. Suppose -27*d = -a*d + 75. Suppose -3*w + 2*u + 252 = 0, 3*w + 3*u - 34 = 233. Calculate the remainder when w is divided by d.
11
Let t = 16856 + -16543. What is the remainder when t is divided by 118?
77
Let r(d) = 4*d**2 + 3*d + 128. What is the remainder when r(0) is divided by 30?
8
Let a = 7215 - 7134. Calculate the remainder when 5911 is divided by a.
79
Suppose -k + 5*k - 256 = 0. Let g(n) = 9*n + 2. Let j be g(3). Suppose -j*b + 31*b + 7 = z, 3*z - 3*b - 36 = 0. What is the remainder when k is divided by z?
13
Let l = -1108 + 342. Calculate the remainder when 214 is divided by l/(-7) - 156/(-273).
104
Let m = 44 - 40. Suppose -f - 5*z = -7, 4*z - 2 = -m*f + 26. Suppose 3*v + 744 = f*v. What is the remainder when v is divided by 47?
45
Suppose -5*j = -5*l - 645, 3*j + l = 65 + 306. Let h be 1 - (-1*2 + 3). Suppose h = 5*c + 55 - j. Calculate the remainder when 52 is divided by c.
10
Suppose -3*f + 6*d - d = -994, 4*f - 1277 = -3*d. Calculate the remainder when f is divided by 47.
41
Calculate the remainder when 722 is divided by (16/(-10))/((-1604)/38095).
0
Suppose -2*u = q - 56, 21*u - 18*u + 6 = 0. Let v = 71 - -7. What is the remainder when q is divided by 2/(-13) + 1260/v?
12
What is the remainder when (7 - 8)*(3 + -2631 - 8) is divided by 9?
8
Suppose l = -2*k + 5*k - 289, 381 = 4*k + 3*l. What is the remainder when k is divided by 39?
18
What is the remainder when 113 is divided by (-4)/(-38)*1 + 14576/152 + 17?
0
Suppose 3*t + 10 = -2*t. Let o = -485 - -467. Calculate the remainder when 31 is divided by ((-3)/t)/(o/(-228)).
12
Let d(n) = -n**2 - 114*n - 158. What is the remainder when d(-97) is divided by 115?
111
Let r(q) = -q**3 + 6*q**2 - q - 3. What is the remainder when 2208 is divided by r(2)?
8
Suppose 0 = 2*q - 5*y - 41, -y + 3*y + 22 = q. Let c(n) = -2*n**3 - 132*n**2 + 271*n - 30. What is the remainder when c(-68) is divided by q?
10
Let i(m) = 2*m**3 - 40*m**2 - 52*m + 163. Calculate the remainder when i(24) is divided by 43.
40
Suppose 0 = -16*y + 13*y + a + 74, -3*a = 3*y - 90. Calculate the remainder when 1297 is divided by y.
23
Suppose -7*r + 2233 = 22*r. Calculate the remainder when r is divided by 69.
8
Let i(w) = w**2 - 4*w - 4. Let u be i(-2). Suppose 0*s - u = -8*s. Suppose k + 2*j - s = 0, 2*k + 5*j + 5 = k. Calculate the remainder when 24 is divided by k.
4
Suppose 12*w = 15*w - 36. Suppose 8*a = 2*a - w. Let z(o) = -o**2 - 6*o - 2. Calculate the remainder when 7 is divided by z(a).
1
Let x = 332 + -188. Suppose 25*o = 21*o - x. Calculate the remainder when 53 is divided by o/((-6)/3) + 0.
17
Suppose -9 - 7 = -8*j. Let l be ((-15)/(-20))/(2/8). Suppose -3*h - l*w = -78, -5*h = -j*h - 5*w - 46. Calculate the remainder when 42 is divided by h.
20
Suppose -49 - 105 = 7*u. Let g be (-686)/u + (-18)/99. Suppose 3*t = 2 + g. What is the remainder when 19 is divided by t?
8
Let u(l) = l**2 + 2*l. Let i be u(-2). Suppose i = d - f - 15, 5*d - 3*f - 55 = -8*f. Calculate the remainder when 207 is divided by d.
12
Let a = -1565 - -1893. What is the remainder when a is divided by 6?
4
Let y(c) = -31*c - 3274. Calculate the remainder when 106 is divided by y(-109).
1
Suppose -h = -4*h. Suppose h = -3*p + 3*x + 63, 3*x + 42 = 2*p - x. Let r(l) = l**2 + 9*l + 82. Calculate the remainder when r(-9) is divided by p.
19
Let u be ((-8)/(6 - 10))/((-1)/(-2)). Calculate the remainder when 68 is divided by u - (128/4)/(-1).
32
Suppose 496*c - 461*c = 2835. What is the remainder when 238 is divided by c?
76
Suppose 0 = 102*b - 175*b + 12337. What is the remainder when b is divided by 158?
11
Let u be (6/(-12))/(-1)*-440. Let s = u + 229. What is the remainder when s is divided by 5?
4
Let o(g) = 7*g**3 + g**2 - 2. Suppose d = -6 + 7. Let f be o(d). Suppose f*k = 3*k + 360. Calculate the remainder when k is divided by 31.
27
Suppose 43*w = 38*w - 40. Suppose 5*i = 47 + 38. Let l = w + i. What is the remainder when 14 is divided by l?
5
Suppose 0 = -49*z + 38*z - 3190. Let t = -273 - z. What is the remainder when 132 is divided by t?
13
Let h be ((-25)/150*40)/(2/(-33)). Suppose -k + 2*g = -3*k - 108, 0 = 5*k + g + 274. Let z = k + h. What is the remainder when 162 is divided by z?
52
Let f(m) = -25*m + 222. Let y be f(7). Suppose 251 = 12*z + y. What is the remainder when 2 + 1 + -1 + 116 is divided by z?
16
Let i(c) = -136*c - 4544. What is the remainder when i(-37) is divided by 186?
116
Let x be 17/(102/36) - -8. Suppose -x*t = -502 + 180. Calculate the remainder when 114 is divided by t.
22
Let k be 1/(1/(-45)*-1). Suppose t - k = -16. Suppose 4*o - 3*o = -4*z + 33, 3*z = -o + t. What is the remainder when 99 is divided by o?
14
Suppose t = 5*n - 273, 4*t - 118 = -17*n + 15*n. Let z = 161 - -57. Calculate the remainder when z is divided by n.
53
Suppose 35*y = 47*y - 14904. Calculate the remainder when y is divided by 26.
20
Let r = -1 + 3. Suppose 4 = -83*h + 86*h - 2*g, -3*h + g = -8. Let t = h - r. Calculate the remainder when 6 is divided by t.
0
What is the remainder when 2756 - ((-75)/(-25) + 1 + -8) is divided by 917?
9
What is the remainder when 2355 is divided by 354*(380/(-30) - -13)?
113
Let m be 5*(-8)/(-220) - (-143155)/55. Suppose -12*q + m = 7*q. What is the remainder when q is divided by 48?
41
Suppose 4*c - 19 + 3 = 0. Suppose -5*w + 61 = 2*p, -c*w = -2*p + 39 + 13. Suppose 10*a + 0*a = 80. What is the remainder when p is divided by a?
4
What is the remainder when (-24)/(-60) + 6390/25 + 1 is divided by 218?
39
Let d(g) = 57*g + 1745. Calculate the remainder when 52 is divided by d(-30).
17
Suppose -a - 18 = -3*v, 0 = -2*v + 7*v - 3*a - 34. Suppose 3*q - 2*q - 5 = 0, 2*s - 143 = -v*q. Calculate the remainder when s is divided by 34.
25
Let s = 17 - -1. Suppose 2*y + s = 4*m - 0*m, -5*y + 18 = -m. Suppose 4*i = 4*t - 128, 42 = t + 2*i - 5*i. Calculate the remainder when t is divided by m.
6
Let t = 1574 - 1568. Calculate the remainder when (-314)/(-14) + (-18)/42 is divided by t.
4
Let y = 18595 + -18565. Suppose -2*b + 16 = -n + 35, 4*n - 67 = 5*b. What is the remainder when y is divided by n?
4
Suppose y - 4*q + 86 + 203 = 0, -1426 = 5*y - q. Let i = y - -298. What is the remainder when 311 is divided by i?
12
Suppose -4*i + u - 34 = -u, -u = 5*i + 25. Let v(r) = -4 + 11*r**2 - 3*r**2 + 3*r + r**3 - 3. What is the remainder when v(i) is divided by 24?
23
Suppose 0 = -162*l - 24*l + 9092 + 5230. What is the remainder when 408 is divided by l?
23
Suppose 10 = 4*g - 266. Let r be (-23)/115 + 996/5. Suppose 197 = 22*t - r. What is the remainder when g is divided by t?
15
Let u(n) = -100*n - 5. Let r be u(1). Let q = 122 + r. What is the remainder when 117 is divided by q?
15
Let i(c) = 31*c**3 + c**2 - c. Let l = 56339 - 56279. Calculate the remainder when l is divided by i(1).
29
Let x(s) = 16*s - 38. Let p be x(6). Suppose -3*q + 12*h + 60 = 15*h, 5*h - p = -3*q. What is the remainder when 26 is divided by q?
5
Calculate the remainder when 1888 is divided by 2 + (-100)/45 + (-24320)/(-90).
268
Let u(o) = 3*o**2 - 8*o + 8. Let w be u(1). Suppose -67 = -y - 2*d, 22 = y - w*d - 45. What is the remainder when y is divided by 55?
12
Let i be 16/4 + 6 + -2. Let k(x) = -x + 10. Let w be k(i). Suppose -5*j + 10 = 0, 2*j = w*h + 4*j - 82. Calculate the remainder when h is divided by 20.
19
Let x = 338 + -248. Let q = 128 - x. Let m = 134 - 59. Calculat